ivided by 3?
2
Let h = 126 + -106. Calculate the remainder when 30 is divided by h.
10
Suppose -2*t + 120 = 3*t. Let v be (-6)/4*(-560)/t. Suppose -4*r + v = -13. What is the remainder when r is divided by 7?
5
Let v = -7 - -10. Let p(b) = 13*b + 5. Let g be p(4). Suppose 21 = -v*y + g. What is the remainder when y is divided by 5?
2
Suppose -1 = k - 6. Suppose 0 = -k*w + 282 - 7. Suppose -x = 4*x - w. What is the remainder when x is divided by 3?
2
Let p = -463 + 494. Calculate the remainder when 137 is divided by p.
13
Let x = -15 - -190. Calculate the remainder when x is divided by 30.
25
Let u(g) = -g**2 - g + 7. Let r(w) = w**3 + 6*w**2 + 6*w + 5. Let c be r(-5). What is the remainder when 12 is divided by u(c)?
5
Let j = 52 + -47. Suppose 0 = -5*x + j*o + 115, 4*o + 94 = 4*x - o. Calculate the remainder when x is divided by 12.
9
Suppose -2*t - 3*q = 6, 4*q + 10 = -2*t - q. Suppose 4*a + h - 177 = t, -h + 144 = 3*a + 2*h. Calculate the remainder when a is divided by 22.
21
Let q = 94 + -62. Suppose 188 = 2*m - 3*t, 2*m + t - 188 = -4*t. Calculate the remainder when m is divided by q.
30
Suppose -704*k - 1508 = -717*k. Let y = -66 - -101. What is the remainder when k is divided by y?
11
Let n = 4407 - 4404. Let h(y) be the second derivative of -y**5/20 + y**4/12 + 5*y**2/2 - y. What is the remainder when h(0) is divided by n?
2
Let q(b) = 6*b**2 - 6*b - 4. Let j be q(-5). Suppose 8*a = 3*a + 4*u + j, -124 = -4*a - u. Calculate the remainder when a is divided by 9.
5
Let z = -79 + 162. Calculate the remainder when z is divided by 6.
5
Let y be 285/10 + (-3)/2. Let a = -25 + y. What is the remainder when 8 is divided by a?
0
Let h = -389 + 400. Let q be ((-3)/(-4))/(2/(-16)). Calculate the remainder when h is divided by 3/q + (-18)/(-4).
3
Suppose 8*h - 12*h + 108 = 0. Let i(j) = -5*j**2 - 11*j - 10. Let y be i(-7). Let q = y - -256. Calculate the remainder when q is divided by h.
24
Let o(u) = u**2 + 11. Calculate the remainder when o(8) is divided by 9 + 60*3/6.
36
Suppose 4*x - 2*l + 2 = 0, 3*l + 15 = 5*x + 4*l. Let f be 5/((x/1)/2). Suppose 81 + 29 = f*h. Calculate the remainder when 86 is divided by h.
20
Let f(p) = 30 + 12*p**2 + 14*p + 14*p**2 - 10. Let h(c) = -9*c**2 - 5*c - 7. Let n(v) = 4*f(v) + 11*h(v). What is the remainder when n(-3) is divided by 12?
9
Let b(h) = h**2 + 15*h + 17. Let i be b(-14). Suppose i = q - 64. Calculate the remainder when q is divided by 35.
32
Let l = -42 + 20. Let b = l - -44. Suppose -7*h + b = -5*h. Calculate the remainder when 21 is divided by h.
10
Let h = -124 - -154. Suppose -187 = 3*g - 631. Calculate the remainder when g is divided by h.
28
Let c = 1278 - 763. Calculate the remainder when c is divided by 37.
34
Let g = 14 - 32. Let x = g - -19. Let j(h) = 18*h**2 + h - 1. Calculate the remainder when j(x) is divided by 10.
8
Suppose -182 = -34*n + 32*n. What is the remainder when n is divided by 20?
11
Suppose -172 = -9*b + 5*b. Suppose -2*q - 5*z = -q - 6, 4*q + z - b = 0. Calculate the remainder when 30 is divided by q.
8
Suppose y = 5*y - 892. Suppose -2*r = 5*i - 65, -5*r - i + y = 49. Calculate the remainder when 139 is divided by r.
34
Let k = -70 + 99. Let u = -61 - -116. What is the remainder when u is divided by k?
26
Let j(q) = q + 17. Let v be j(-15). Suppose 17 = v*t - 5*p - 3, -4*t = -2*p - 72. What is the remainder when 36 is divided by t?
16
Let m be -3*(-1 + (-4)/1). Let v = 29 - m. Let d(i) = -i**3 - 5*i**2 - i + 4. What is the remainder when v is divided by d(-5)?
5
Suppose -4*t - 346 = -d, -3*d = t - 2*d + 84. Let k = 99 + t. Calculate the remainder when 36 is divided by k.
10
Suppose -4*i - b + 93 = 0, -i - 4*b + 14 + 13 = 0. Suppose -4*q = 3*s + 14, -s = -2*s - 4*q - 18. What is the remainder when (-6 + 138)*1/s is divided by i?
20
Suppose -50 = -2*c - c + 5*g, 4*g - 68 = -3*c. Suppose -4*q + v + 48 + 51 = 0, 0 = -4*v + c. Calculate the remainder when 50 is divided by q.
24
Let l(d) = d**3 - 6*d**2 + 3*d - 11. Suppose -63 = -5*r + 2*r. Suppose 0 = 5*n + 5*u - r + 6, 3*n + 4*u = 9. What is the remainder when l(6) is divided by n?
1
Let r = 2798 - 2705. What is the remainder when 1022 is divided by r?
92
Let a be (-28)/8*24/(-14). Let l(x) = x**3 - 3*x**2 + 5*x + 3. Let p be l(a). Let y = p - 85. Calculate the remainder when y is divided by 12.
8
Let h = 8 - 8. Suppose 2*u + 4*d - 14 = h, -36 = -3*u - 3*d - 6. Suppose 0 = a + 6 - 30. Calculate the remainder when a is divided by u.
11
Suppose -148 = -4*a - 4*y + 132, -5*y + 62 = a. What is the remainder when 143 is divided by a?
71
Let p(q) = 6*q**3 - 5*q**2 + 9*q - 6. What is the remainder when p(3) is divided by 35?
33
Let t(y) = -2*y - 28. Let j be t(-10). Let n(d) = -12*d + 16. Calculate the remainder when n(j) is divided by 19.
17
Suppose 3*c = 2415 + 186. What is the remainder when c is divided by 29?
26
Suppose -2*g + 3*g = 116. Calculate the remainder when g is divided by -17 + (-67)/(-4) - (-165)/4.
34
Let q = -34 - -73. Let j be (-2 - 3/(-2))*20. Let y = q + j. What is the remainder when y is divided by 8?
5
Let d(q) = q**3 - 5*q**2 - 6*q + 3. Let t be d(6). Suppose -8 = -o + z, 0 = -3*o - 2*o - 3*z. What is the remainder when 5 is divided by o + t - (1 - -2)?
2
Let h = -219 - -246. Calculate the remainder when h is divided by 5.
2
Let y(x) = x**2 - x. Let w be y(2). Let a(k) = 10*k**2 + 5*k**w - 6*k + 5*k. What is the remainder when 54 is divided by a(1)?
12
Let a = -31 - -16. Let d(p) = p**3 + 31*p**2 + 59*p + 42. Calculate the remainder when (-122)/(-5) - (-6)/a is divided by d(-29).
11
Suppose -259 = 18*d - 403. Calculate the remainder when 41 is divided by d.
1
Let q(c) = c**2 - 5. Suppose 3*u = 5*h - u + 15, -u = -4*h - 12. Calculate the remainder when q(h) is divided by 3.
1
Let r = 101 - 71. What is the remainder when (-3 + 177)*(-1)/(-3) is divided by r?
28
Suppose 5*o - 3*p - 1220 = 0, 2*o - 4*o = 2*p - 472. What is the remainder when o is divided by 45?
16
Let l(z) = -z + 24. Calculate the remainder when 92 is divided by l(-12).
20
Let i(v) = v**3 + 4*v**2 - 2*v + 9. Calculate the remainder when 96 is divided by i(-4).
11
Let h = 1220 - 1193. Let n = 8 - -71. What is the remainder when n is divided by h?
25
Let r(o) = 2*o**3 + 30*o**2 + 6*o + 43. What is the remainder when r(-14) is divided by 72?
63
Suppose -m = 4 - 1. Let c(u) = 2*u + 9. Calculate the remainder when 10 is divided by c(m).
1
Let q(f) = -6*f + 21. Let k(s) = s**3 + 8*s**2 + 3*s - 4. What is the remainder when q(-16) is divided by k(-7)?
21
Suppose -25*u - 222 = -31*u. Calculate the remainder when 63 is divided by u.
26
Let k(y) = -y + 10. Suppose -4*g - 7 = -15. Calculate the remainder when 14 is divided by k(g).
6
Suppose 2272 = -40*c + 56*c. Calculate the remainder when c is divided by 50.
42
Let z be ((-1)/2)/(2/220). Let o = 123 + z. Suppose 4*j + 3*a = o, a + 38 = 4*j - 30. What is the remainder when j is divided by 9?
8
Let s be 1/(-3) + (-2)/(-6). Let r(u) = u - 2. Let t be r(s). What is the remainder when 52 is divided by 152/(-24)*6/t?
14
Let h = -100 - -139. Calculate the remainder when h is divided by 21.
18
Suppose 5*o - 4 = 16. Let q(r) = r**2 - 9*r - 30. What is the remainder when q(12) is divided by o?
2
Suppose 9*j - 4509 = -18*j. Calculate the remainder when j is divided by 28.
27
Suppose -f - l = -43 - 179, 2*l = -4*f + 886. Let g = f + 2. What is the remainder when g is divided by 56?
55
Let y(m) = -m + 2. Suppose 7*f - 303 = 33. Suppose c - f = -2*a + 4*c, 0 = -3*a + 2*c + 67. Calculate the remainder when a is divided by y(-6).
5
Suppose -2*m + 8*m = 0. Suppose m = 4*d - 9*d + 80. Let p(u) = 3*u**2 - 3. Calculate the remainder when p(4) is divided by d.
13
Let o = -33 + 33. Suppose 370 = -o*y + 5*y. Suppose 0 = 3*w + 5 - y. What is the remainder when 44 is divided by w?
21
Let x(g) = -17*g + 14. Let t(v) = -6*v + 5. Let p(f) = -11*t(f) + 4*x(f). What is the remainder when 53 is divided by p(-4)?
8
Let x = 553 - 503. Calculate the remainder when x is divided by 26.
24
Suppose -35*x - 210 = -33*x. Calculate the remainder when (-5)/(2 - x/(-50)) is divided by 13.
11
Let p be (7/21)/((-2)/(-618)). Let v = 127 + p. What is the remainder when 5 is divided by v/55 + 4/(-22)?
1
Suppose -s - 19*k = -16*k - 1374, -3*s + 408